155. Let f = d - -951. What is the units digit of f?
3
Let y(i) = i**2 + 7*i - 24. Let u(g) = g**2 + 11*g + 12. Let l be (7 + -11)/((-2)/(-4)). Let r be u(l). What is the tens digit of y(r)?
3
Suppose 2*m + 656 = 4*m - 5*f, 0 = 2*m + f - 644. Let r = m - 185. Suppose -2*w + p + 207 = w, -2*w + 4*p = -r. What is the units digit of w?
9
Let f(s) be the second derivative of 17*s**4/12 - s**3/3 + s**2/2 + 7*s. Let c be f(2). Suppose -17*a + c = -12*a. What is the units digit of a?
3
Suppose -19*d = -3*p - 15*d + 75, -4*d = -4*p + 104. Suppose -30*v + 380 = -p*v. What is the hundreds digit of v?
3
Let f = 229 - 230. Let i(c) = -547*c**3 - c**2. What is the units digit of i(f)?
6
Let g(m) = -48*m**3 + m**2 + 1. Let r be g(2). Let u = r + 606. What is the units digit of u?
7
Suppose 22 + 218 = 20*z. Let m(x) = 15*x + 13. What is the tens digit of m(z)?
9
What is the hundreds digit of (741/(-65) + 11)/(((-3)/55710)/1)?
4
Let p = -116 + 60. Let j = 69 + p. What is the units digit of (-3*1)/(j/(-416))?
6
What is the hundreds digit of 23730/3 + (8 + -6 - 1)?
9
Suppose -5 = -4*d - 5*q + 1, -3*q = -4*d + 22. Let p be 1/d + 90/24. What is the tens digit of ((-560)/(-4))/2 + p?
7
Let w(u) = -3*u**3 - 3 + 33*u - 58*u**2 + 2*u**3 + 5*u**2. What is the hundreds digit of w(-54)?
1
Let g(m) = 46*m - 7. Let z(w) = w**3 + 5*w**2 - 2*w. Let y be z(-6). Let p be 2*(-34)/y + 40/240. What is the hundreds digit of g(p)?
1
What is the thousands digit of ((-24)/(-36) - 1) + 80652/9?
8
What is the units digit of (-1)/((-54)/3575012) - 234/(-3159)?
4
Let w(a) = -6*a**3 + 5*a**2 - 5*a + 9. What is the tens digit of w(-7)?
4
Let o = -98 + 482. Suppose -2*i - 15*x = -11*x - o, -2*x - 924 = -5*i. What is the tens digit of i?
8
Suppose 0 = -2*t - 5*c + 230 + 245, -4*c = 20. Suppose t = 4*k - 774. What is the units digit of k?
6
Let c = -116 + 121. Let k(s) = 102*s - 22. What is the hundreds digit of k(c)?
4
Suppose 3*l = -5*r + 7, 2*l + 3*r = 7*l - 23. Suppose l*j - 1334 = -2*u, -5*u + 3390 = -j - 0*j. What is the hundreds digit of u?
6
Let u be (2*1/(-5))/(3/(-60)). Suppose -2*n = 2*q - 612, -u*q = -9*q. What is the hundreds digit of n?
3
Let v(u) = -u**2 + 31*u - 9. Let d be v(7). Let y = 223 - d. What is the tens digit of y?
6
Suppose -2*d = -7*i + 4*i + 13262, -5*i + 22115 = -d. What is the thousands digit of i?
4
Let q(v) = 1 - 5*v - 6*v - 22. What is the units digit of q(-2)?
1
Let d(p) = -156*p + 9*p**2 - 12*p**2 + 1 - 9*p**2 - p**2. What is the tens digit of d(-7)?
5
What is the tens digit of ((-2)/(-3))/((-5)/((-3098400)/(-2478715)) - -4)?
2
Suppose -2*l = -5*w + 3 - 11, 3*w + 16 = 4*l. Suppose -6*o = -l*o - 4*i - 316, 0 = 5*o - 3*i - 797. What is the units digit of o?
0
What is the hundreds digit of 272/17 + -20 - -21361?
3
Let j(y) = -y**3 - 3*y**2 + 3*y + 1. Let s be j(-6). Let u = s + -83. What is the units digit of u?
8
Let q(j) = j**2 + j + 16. Suppose 9*k + 190 = 4*k. Let n = -38 - k. What is the tens digit of q(n)?
1
Let b(f) = -25*f + 12. Let h(w) = -50*w + 25. Let a be 174/24 + 2/(-8) + 0. Let r(p) = a*b(p) - 3*h(p). What is the tens digit of r(-9)?
3
Let w(q) be the third derivative of -35*q**4/6 - q**3/3 - 16*q**2. Let k be w(-1). Let a = 255 - k. What is the tens digit of a?
1
Suppose -4*a + 3*y = -136469, -5*a + 158769 = 4*y - 11856. What is the thousands digit of a?
4
Let a = -187 - -118. Let u = -69 - a. Suppose n + 2*r + 2*r - 26 = u, 0 = -4*n + r + 19. What is the units digit of n?
6
Suppose 3*y - 9 = -0. Suppose -4*o + o + 3644 = -4*t, 0 = y*o + 3*t - 3672. Suppose o = 4*g + 368. What is the hundreds digit of g?
2
Suppose -2*r = 4*l - 54, -2*l + l - 4*r = 4. What is the tens digit of 4944/l + 3/((-6)/8)?
0
Let r(o) = 3*o**3 - o**2 + 15. Let a(g) = g**3 - 2*g**2. Let m(q) = -a(q) + r(q). What is the tens digit of m(7)?
5
Suppose 3*g + 583 = -1124. Let q = g + 956. What is the hundreds digit of q?
3
Suppose 4*i = -v - 1105, 0 = -7*i + 2*i - 2*v - 1379. Let y = i - -457. Suppose -2*k = -o + 45, 8*o - y = 3*o + k. What is the tens digit of o?
3
Suppose -6682 = 24*k - 50806 - 92436. What is the tens digit of k?
9
Suppose -5*y + 2*o + 5 = 7*o, -3*y + 24 = -4*o. Suppose -5*d + y*d + 8 = 0. Suppose -d = -u - 6. What is the units digit of u?
2
Suppose 0 = -33*w - 65627 + 54973 + 270661. What is the thousands digit of w?
7
Let l(r) = 71*r**3 - 31*r + 34. What is the thousands digit of l(5)?
8
Suppose 2*u - 59 = 1047. Let f = u + -165. What is the tens digit of f?
8
Suppose 6076 + 115663 = 23*h. What is the tens digit of h?
9
Suppose 0 = -3*t - 2*z + 12, -5*t + 13 + 7 = -5*z. Suppose -5*x - 3*d + 109 = 0, -5*d + 86 = t*x - 2*d. Suppose 4*l = -x + 87. What is the tens digit of l?
1
Suppose -2*o + 3*p + 37 = 0, p - 3*p + 82 = 4*o. Suppose 0 = o*j - 10*j + 150. What is the units digit of 426*j/(-42) + 4/(-28)?
2
What is the tens digit of (8376/9)/((-27)/(-81))?
9
Let k(j) be the second derivative of -3*j**5/20 - j**4/6 + j**3/3 + 7*j**2/2 - 19*j. Let i be k(-4). Suppose -4*d + 101 + i = 0. What is the units digit of d?
5
Suppose -113*n + 3413947 + 3512840 = 0. What is the thousands digit of n?
1
Suppose -57777 = -60*h + 159543. What is the units digit of h?
2
Suppose -5*d - 20 = -4*k, 5*k + d = -d - 8. Suppose 3*n + 6 = 5*h - 14, -4*h = -28. Suppose n*g - 1058 - 2 = k. What is the units digit of g?
2
What is the thousands digit of 880944/16*-10*2/(-15)?
3
Suppose -5*g + 124 = -161. Suppose -54*o + g*o + 9 = 0. What is the units digit of -3 + ((0 - o)*1 - -54)?
4
Suppose 0 = -5*j + c + 14 + 2, -2*j + 3*c + 9 = 0. Suppose y + 2*n = 30, 3*n = -j*y - y + 100. What is the tens digit of y*(20/(-8))/(-5)*1?
1
Let h(c) = 2564*c + 165. What is the tens digit of h(3)?
5
Let n be (1 - (2 - 0))*127. Let o be 188015/(-2325) - (-4)/(-30). Let w = o - n. What is the units digit of w?
6
Let p be 4/1*(-42)/3. Let d = 70 + p. Suppose 13*u = d*u - 140. What is the units digit of u?
0
Let n be 30/(-15) - (14*-1)/2. Suppose n*x + 10 = 0, -4*o + 3*x + 220 = -26. Suppose 2*m = -0*m + o. What is the tens digit of m?
3
Let z(y) be the third derivative of -179*y**6/120 - 3*y**5/20 - 7*y**4/12 - 5*y**3/6 - 225*y**2. What is the units digit of z(-2)?
9
Let p = 805 - -31494. What is the units digit of p?
9
Suppose -2*f - 291 = -i, 1353 = 3*i + 4*f + 520. Suppose -28 = t - i. What is the tens digit of t?
5
Suppose -k - 26 = -g - 170, 3*k + 303 = -2*g. What is the tens digit of (-4596)/(-14) - (-42)/g?
2
Let k = 77 + -210. Let l = k - -488. What is the units digit of l?
5
Suppose -4*y + 23 + 25 = 4*x, x = -4*y + 15. Suppose -13*m + x*m = 0. Suppose 6 = -5*o + 2*o, m = -4*f + 2*o + 484. What is the hundreds digit of f?
1
Let a = -6704 - -23416. What is the tens digit of a?
1
Let d(x) = -5*x + 6. Let b be d(6). Let y = 1879 + -1652. Let o = y + b. What is the units digit of o?
3
Suppose -5*r = -5*q - 6 + 81, -4*r = 5*q - 48. Suppose -2645 = -q*b + 6727. What is the hundreds digit of b?
7
Let y(t) = 13*t**2 - 131*t + 7. Let m be y(10). Let i = -15 + 9. What is the tens digit of (-762)/(-4) + -2 + m/i?
8
Suppose 3*m - b - 29431 = 0, 0 = -652*m + 653*m - 4*b - 9814. What is the units digit of m?
0
Suppose 322*g = 330*g - 67280. What is the units digit of g?
0
Let v(n) be the first derivative of 41*n**3/3 - 11*n**2/2 - 5*n - 17. What is the units digit of v(-3)?
7
Let q(s) = 161*s - 1706. What is the tens digit of q(117)?
3
Let p be 0 + (10 - (0 + 5)) + 0. Suppose -8*u + 2*f - 286 = -10*u, -p*u - 4*f = -712. What is the hundreds digit of u?
1
Suppose 2*y + b = 21, 7 + 11 = 3*y - 3*b. Suppose 3*n - 3*a - 297 = 0, -y*n - a + 192 = -7*n. What is the tens digit of n?
9
Let z(y) = 3*y**3 - 3*y**2 - y + 10. Let w be (-328)/(-64) + 4/(-32). What is the units digit of z(w)?
5
Let y = 59 - 68. Let c(w) = -w**2 - 13*w - 9. Let l be c(y). What is the units digit of 2/((-8)/(-3)) + l/12?
3
Suppose -500 + 84 = 3*n - 5*f, 0 = -n + f - 138. Let a be 87*4/4*-3. Let v = n - a. What is the tens digit of v?
2
Let s(q) = q**2 + 20*q + 34. Let v be s(19). Suppose -22*z + 17*z = -v. What is the tens digit of z?
5
Suppose 0 = 4*t + 4*l - 33600, 604*t - 6*l = 602*t + 16792. What is the units digit of t?
9
Let x be ((-96)/18)/(-4) - 11/(-3). Suppose 5*v = -4*a - a + 610, 0 = x*v + 5. What is the hundreds digit of a?
1
Le